when m is divided by y?
2
Let s = 25 + 33. What is the remainder when s is divided by (-4)/(2*2/(-30))?
28
Let q(c) = 8*c**2 - 3*c + 5. What is the remainder when q(2) is divided by 17?
14
Suppose 5*o = -b + 541, 2*b = 5*o - 0*b - 553. Let k(p) = -p**3 - 5*p**2 + 11*p - 7. Calculate the remainder when o is divided by k(-7).
11
Let x(g) = -g**3 - 8*g**2 + 26*g + 170. What is the remainder when (63/(-2))/(2/(-4)) is divided by x(-9)?
12
Let t = 32 - 19. Suppose 22 = x - 18. Let d = x - t. Calculate the remainder when 52 is divided by d.
25
Let l = -115 - -115. Suppose l = 9*x - x - 568. What is the remainder when x is divided by 25?
21
Let m(y) = -y**3 - 8*y**2 + 20*y + 4. Let z be m(-10). Suppose -2*a + z*a + f = 159, f = -a + 77. What is the remainder when a is divided by 22?
16
Let m(l) = -l**3 - 14*l**2 - 22*l - 12. What is the remainder when m(-13) is divided by 28?
21
Calculate the remainder when -3 + 11 + 2 + 106 is divided by 33.
17
What is the remainder when 145 is divided by 32 + (10 - (1 - -4))?
34
Let v(o) = -2*o**2 - o. Let u be v(1). Let l(m) = -3*m - 7. Calculate the remainder when 4 is divided by l(u).
0
Suppose 4*w - 269 + 237 = 0. Let j(q) = -q**3 - 7*q**2 - 7*q - 3. What is the remainder when w is divided by j(-6)?
2
Suppose 3*s + 0 + 6 = 0. Let m(d) = d**2 + d + 1. Let h = 7 - -1. Calculate the remainder when h is divided by m(s).
2
Let g be (-4)/10 - (-2888)/20. Suppose 12*h + 0*h = g. What is the remainder when 44 is divided by h?
8
Suppose 0 = 3*f - 29 - 37. Suppose -3*d + 2*g + 10 = 4*g, g + f = 3*d. Suppose 2*z + z + 3*r = -6, -r = 5. What is the remainder when d is divided by z?
0
Let l(r) = 19*r. Let m(w) = -95*w. Let s(c) = -11*l(c) - 2*m(c). Suppose 0 = 20*n + 26*n - 690. What is the remainder when s(-3) is divided by n?
12
Suppose -4*u - 4*b = -2*u - 24, -3*b + 3 = 0. Suppose -2*j + 2*y = y - 39, -34 = -2*j - 4*y. Calculate the remainder when j is divided by u.
9
Let z(h) = 17 + 3 + 22 + 4*h. What is the remainder when z(6) is divided by 23?
20
Suppose 259*p = 251*p + 544. Calculate the remainder when p is divided by 25.
18
Let h = 58 + -89. Let n = h - -54. What is the remainder when n is divided by 8?
7
Let d(v) = -2*v**2 + 40*v + 1. Suppose -2*y + 40 = -0*y. What is the remainder when d(18) is divided by y?
13
Let n(h) = 3*h - 17. Let s be n(7). Suppose -3*z - 18 = -4*z - 3*p, -28 = -s*z - p. Calculate the remainder when 41 is divided by z.
5
Let j = 79 - 51. Suppose a - 4 = -a. Suppose 2*n - 16 = -y, 2*n + a*n - 24 = -4*y. What is the remainder when j is divided by n?
8
Let b = -179 + 302. Suppose 0 = -5*s + 220 - 65. What is the remainder when b is divided by s?
30
Suppose 5*d + 5*n - 34 = 11, 4*n = 2*d + 6. Suppose 0 = d*q + 5 - 350. What is the remainder when q is divided by 18?
15
Let t = -66 + 113. Suppose t*g - 41*g = 216. What is the remainder when 143 is divided by g?
35
Let j(h) = -3*h + 3. Let b be j(-1). Let x = b - 3. Suppose -x*s - 8 = -50. What is the remainder when 25 is divided by s?
11
Let s(c) = -c**3 + c**2 - c + 49. Let j be s(0). Let z = j - 23. What is the remainder when z is divided by 7?
5
Suppose -q - 1 + 1 = 0. Suppose -2*r = -q*r - 54. Calculate the remainder when r is divided by 14.
13
Let j = -13 + 7. Let v = j - -5. Let y = 8 + v. What is the remainder when 27 is divided by y?
6
Let b = 8 - -4. Let i = -1 - -54. Suppose 83 = 4*h + 2*m - i, -136 = -4*h - 3*m. What is the remainder when h is divided by b?
10
Let p = -539 + 575. What is the remainder when 188 is divided by p?
8
Suppose -6*j - 24 = -12*j. What is the remainder when j is divided by 2?
0
Let h(t) = 41*t - 220. What is the remainder when h(7) is divided by 23?
21
Let l = -6 - -54. Suppose -3*g = -5*g + l. Suppose 0*o = -o + 7. Calculate the remainder when g is divided by o.
3
Let h = -60 + 40. Let f(v) = -v - 12. Calculate the remainder when f(h) is divided by 5.
3
Let s(b) = b**3 - 14*b**2 - 31*b + 5. Let l be s(16). Suppose 3*g + 0 = l. What is the remainder when g is divided by 5?
2
Let x = -4 - -6. Suppose -50 = -4*s - 4*z + x, z - 1 = 0. Let o = 21 - s. Calculate the remainder when 16 is divided by o.
7
Calculate the remainder when (-1814)/(-18) - ((-104)/(-36))/(-13) is divided by 26.
23
Let x(g) = -1. Let y(w) = 11*w + 15. Let d(j) = -6*x(j) - y(j). Let b = -197 + 192. What is the remainder when d(b) is divided by 16?
14
Let q(t) = -t**3 + 7*t**2 + 5*t - 10. Let j be q(5). Suppose -6*z - j = -341. Let h = z - -30. What is the remainder when h is divided by 26?
24
Suppose 2*y = 62 - 22. Suppose -2*r + 2*f = 2*r + 14, -3*r + f = 11. Calculate the remainder when r/y + (-366)/(-5) is divided by 38.
35
Let x be -6*6/(-108)*(-30)/2. Let r(h) = -h**2 - 4*h + 20. Calculate the remainder when 56 is divided by r(x).
11
Calculate the remainder when (-4 + (-130)/(-4))*(-6)/(-9) is divided by 9.
1
Let b(w) = -w**3 - 7*w**2 + 3*w - 19. Calculate the remainder when 59 is divided by b(-8).
17
Suppose -4*u - 8 = 2*o - 110, -3*u = 3*o - 81. What is the remainder when 41 is divided by u?
17
Let u = -88 - -91. Suppose -3*n + 3 = 0, u*o - 5*n = 32 + 65. Calculate the remainder when 200 is divided by o.
30
What is the remainder when -1*(-4 - 3) + 118 is divided by 26?
21
Let d(s) = 30*s - 2. Let r be d(1). Let b = -13 + r. Calculate the remainder when (-2 - -4) + 106/2 is divided by b.
10
Suppose 9 = 2*b + 3. Let m(g) = 3*g + 4. Calculate the remainder when 51 is divided by m(b).
12
Let w(t) = -t**3 + t**2 + 21*t + 48. What is the remainder when w(-4) is divided by 15?
14
Let b = -72 - -139. Let d = -11 + 28. What is the remainder when b is divided by d?
16
Let j(x) be the first derivative of -x**3/3 + 2*x**2 + 5*x + 8. Let o be j(6). Calculate the remainder when (2 + o - -4)*-70 is divided by 18.
16
Calculate the remainder when 70 is divided by (-1 - 0)/((-495)/(-63) - 8).
0
Suppose 0 = 5*k - 26 - 34. Suppose 3*d - 15 - k = 0. What is the remainder when (-1)/4 + (-101)/(-4) is divided by d?
7
Suppose -l = 3*s - 267, 4*l = 3*s + 421 + 662. What is the remainder when l is divided by 55?
50
Let c = -340 - -384. What is the remainder when 74 is divided by c?
30
Let b(m) = m + 24. Suppose 0 = 4*j - 3*t + 39, 3*j - 40 = 7*j - 4*t. What is the remainder when 43 is divided by b(j)?
13
Suppose 4*x = -2*p - 190, -5*p - 356 - 129 = 5*x. Let a = -68 - p. Suppose 4*b + 5*l + 40 = 59, 2*l = -2*b + 12. Calculate the remainder when a is divided by b.
9
What is the remainder when 54 + (-1)/(-1)*-3 is divided by (-6)/10 - 558/(-30)?
15
Calculate the remainder when 800/16*20/50 is divided by 10.
0
Let v = 912 + -886. Calculate the remainder when 804 is divided by v.
24
Suppose 5*l - l - 124 = 0. Suppose -4*j = 3*t - l, 4*t - 4*j + 7*j = 32. Suppose 23 = 3*d + t*k - 23, 3*k = 15. What is the remainder when 19 is divided by d?
5
Let l = -63 - -90. What is the remainder when l is divided by 17?
10
Let z = -17 + 54. Let p(i) = -i**2 + 5*i + 6. Suppose -2 = b, 7*v + 3*b = 11*v - 22. What is the remainder when z is divided by p(v)?
7
Suppose 3*o = o + 22. Let h = 4 + o. Calculate the remainder when 42 is divided by h.
12
Let m(l) = l**3 + 5*l**2 - 4*l - 10. Suppose 35 - 3 = -8*o. What is the remainder when m(o) is divided by 7?
1
Let d = -151 - -87. Let x be (7 + d)*(-4)/6. Suppose 4*t + x = 2*l, 5*l + 3*t = -0*t + 30. Calculate the remainder when 16 is divided by l.
7
Suppose 11 = -m + 15. Suppose -2*y - 6 + 18 = 0. What is the remainder when m/(-8) - (21/2)/(-1) is divided by y?
4
Suppose 2*o - o - 7 = -b, 0 = -3*b - 2*o + 21. Let n(s) = -s**3 + 6*s**2 + 10*s + 3. Calculate the remainder when n(7) is divided by b.
3
Let f = -405 + 850. Suppose z = 5*u - f, -2*u + z + z + 178 = 0. What is the remainder when u is divided by 30?
29
Suppose 3*w + 96 = 3*j, 6*j - 61 = 3*j - 4*w. Suppose -l - 16 = -67. What is the remainder when l is divided by j?
24
Let v = -44 - -87. Suppose 5*n + 4*a = 42, 5*a - 3 + v = 3*n. Calculate the remainder when 118 is divided by n.
8
Let x(u) = 9*u + 3. What is the remainder when x(8) is divided by 11?
9
Let b(o) = -o**3 + 17*o**2 - 29*o + 3. What is the remainder when 31 is divided by b(15)?
13
Let i(x) = -5*x - 29. Let m be i(-7). What is the remainder when (93/m)/(2/4) - 1 is divided by 8?
6
Let v = -115 - -168. Let u = -21589 +